ands digit of g + (-9)/(-3) + -1?
1
Suppose 34*h = 38*h - 1088. Let c = -139 + h. Suppose -3*m + 86 = -c. What is the tens digit of m?
7
Let y(r) = 74*r**2 - 33*r + 159. What is the units digit of y(8)?
1
Let l(c) be the second derivative of 43*c**4/6 + 2*c**3 - 16*c**2 - 3*c - 2. What is the units digit of l(3)?
8
Suppose -5*y + 2*z - 50 = -2*z, 0 = -2*z + 10. Let c be -2 - (726/y - -5). Suppose -2*k = 4*k - c. What is the units digit of k?
9
Let r(m) = -5*m - 4 - 6 + 3*m - 5*m. Let v = 6 - 12. What is the tens digit of r(v)?
3
Let m(q) = -85*q**3 + 3*q**2 + 49*q. What is the hundreds digit of m(-5)?
4
Suppose 198985 = 5883*d - 5866*d. What is the units digit of d?
5
Suppose 4*a - 12*b = -9*b + 72936, 4*a - 72920 = -b. What is the units digit of a?
1
Suppose 10*k + 0 = 10. Let r be k + -5 + 660/5. Let w = r - 32. What is the tens digit of w?
9
Suppose d - 3*g = 8627, 5*d - 3*g - 31640 - 11459 = 0. What is the thousands digit of d?
8
What is the units digit of (-8411 + -2 + 9)/(1*(-4)/6)?
6
Let f(d) be the first derivative of 2*d**2 - 16*d - 5. Let s be f(4). Suppose 3*u - 189 = 5*w + 29, s = -4*u + 2*w + 272. What is the units digit of u?
6
Let v(h) = 92*h**2 - 15*h - 10. Let d be v(-6). Suppose -9*u - d = -17*u. What is the hundreds digit of u?
4
Let p(t) be the second derivative of 11*t**5/4 - t**4/6 + t**3 - 7*t**2 + 47*t. What is the units digit of p(3)?
1
Let c(w) = -w**3 + w**2 + w. Let d(f) = 4*f**3 + 8*f**2 + 3*f - 38. Let m(x) = 2*c(x) + d(x). What is the tens digit of m(4)?
7
Suppose 4*m - 46 - 382 = 0. Let n = -4 - m. Let x = n + 194. What is the units digit of x?
3
What is the hundreds digit of 27598 - 30*18/(-45)?
6
Let h(n) = -379*n + 526. What is the tens digit of h(-57)?
2
Let t = 16958 - 5650. What is the ten thousands digit of t?
1
Let x be (5 + 75/(-12))/(2/(-8)). Suppose 4*r + w - 10 = x, 5*r - 16 = -4*w. Suppose 2*s - 87 = -2*t + 5, s + r*t = 37. What is the units digit of s?
9
Let g = 12 - 63. Let q = g - -623. What is the hundreds digit of q?
5
Let x = 28 + -28. Suppose y - 53 - 54 = x. What is the tens digit of y?
0
Let v(r) be the second derivative of 11*r**6/360 - 7*r**5/120 + 4*r**4/3 + 5*r. Let k(p) be the third derivative of v(p). What is the units digit of k(3)?
9
Let v(a) = 50*a - 16. Let c(d) = -2*d - 7. Let y be c(-9). What is the units digit of v(y)?
4
Let t = 11 + -6. Suppose 5*m - 4*x = -382, 4*m + t*x = m - 207. Let r = m + 173. What is the tens digit of r?
9
Let y = 25350 - 493. What is the ten thousands digit of y?
2
What is the hundreds digit of 320256/90 + 2*1/(-5)?
5
Let u = -18 - -28. Suppose -u*s + 849 = -2851. What is the hundreds digit of s?
3
Suppose 0 = 4*h - 2*r - 149756 - 77282, 0 = 2*h - 2*r - 113518. What is the thousands digit of h?
6
What is the ten thousands digit of (-2 + 0)/((-33)/6 + 6) - -15244?
1
Let b be 6/(-14) + 701592/644. Suppose f = 2*w - 778, 2*w = 2*f - 311 + b. What is the hundreds digit of w?
3
Suppose -23*z + 19*z = -16. Let m = 13 + z. Suppose -12*i = -m*i + 60. What is the tens digit of i?
1
Let u(m) = 57*m**2 - m - 4. Let q be u(2). Let i = q + -138. Suppose -12*n = -8*n - 2*j - 350, -n + i = -4*j. What is the units digit of n?
8
Suppose 337 - 211 = 3*a. Let f = 532 + a. What is the units digit of f?
4
Let x = 19638 + -11976. What is the thousands digit of x?
7
Let i(h) = -2*h**3 - 8*h**2 - 2*h + 6. Let b be (15/(-10))/((-5)/2 - -2). Let t be 1/2 - (21/6 + b). What is the tens digit of i(t)?
6
Let u(w) = w**3 - 2*w**2 + w + 4. Let q be u(5). Suppose 8*f - 4*f - 638 = -3*m, 4*f + 4*m = 636. Let p = f - q. What is the units digit of p?
7
Suppose 40 = 2*u + 298. Let c = u + 136. Suppose -c*q - 235 = -8*q. What is the hundreds digit of q?
2
Let v(b) = -182*b**2 + 16*b + 5*b - 2 + 183*b**2 + 4. Let c be v(-21). Suppose -c*q + 4*g = q - 123, 0 = -g. What is the tens digit of q?
4
Suppose 242*q = 2*z + 244*q - 2130, z + 4*q - 1065 = 0. What is the tens digit of z?
6
Let d be ((-2 + -38)*(-754)/52)/(-1). Let r = 360 - 732. Let f = r - d. What is the hundreds digit of f?
2
Let l(k) = -k**2 + 9*k + 16. Let m = -87 - -103. Let g be l(m). Let i = g - -186. What is the tens digit of i?
9
Let t = -5646 - -8181. What is the tens digit of t?
3
Let j = -2888 + 4128. Suppose 0 = -4*l + 3*y + j, 2*y = 2*l + 3*y - 630. What is the hundreds digit of l?
3
Let g(f) = -f**2 - 2*f. Let t(r) = 11*r**2 + 75*r - 5. Let n(y) = 6*g(y) + t(y). What is the tens digit of n(-14)?
9
Suppose 0 = m, 52 = -4*p - m - 4*m. What is the units digit of p/(156/8) - (-1091)/3?
3
Let d be (0/(3 + -2))/1. Let r(l) = -3*l + 95. Let m(q) = 2*q - 95. Let u(o) = -4*m(o) - 3*r(o). What is the tens digit of u(d)?
9
Let f(a) = 3*a + 2. Suppose -4*t = 4*x + 12, 2*t + 3*x + 3 = -7. Let z be f(t). Suppose z*c = -c + 288. What is the units digit of c?
8
Let v be (420/(-150))/(1/5*2). Let j(a) = 7*a**2 - 4*a - 60. What is the hundreds digit of j(v)?
3
Let k = -17082 + 54590. What is the units digit of k?
8
Let g be 2*(2 - (-3)/(-6)). Suppose -g*x = -3*p + 2*p, -5*x = -5*p. Suppose 2*t = -2*a - x*t + 76, -4*t = a - 53. What is the units digit of a?
3
Let h = -5880 - -9669. What is the thousands digit of h?
3
Suppose 0 = -11*c + 19*c - 2920. Let u = c + -245. What is the hundreds digit of u?
1
What is the thousands digit of (1362/4)/(216/1872)?
2
Let f(o) = -o**3 - 6*o**2 - 8*o - 31. Let w be f(-7). Let n(r) = 13*r - 11*r + w - 3*r**2 + 66. What is the tens digit of n(0)?
4
Suppose 4*s + 3*q = -19, -4*s + 8*s - 21 = 5*q. Let i(t) = -3*t - 3. Let d be i(s). Suppose -f = k - 204, 2*k = f - d*k - 210. What is the units digit of f?
6
Let t(y) = y**3 + 3*y**2 + 6*y + 17. Let m be t(-3). What is the hundreds digit of 2205/10 - m/(-2)?
2
Let r(s) = -129*s + 16. Let y be r(-15). Suppose 0*h = 5*h + w - 2425, y = 4*h + 3*w. What is the tens digit of h?
8
Let f be (-20)/(-6)*(-438)/(-365). Suppose 4321 = 5*x + f*c - 2309, -5*x + 6625 = 5*c. What is the hundreds digit of x?
3
Let z be 2/9 - (-4414)/(-18). Let k = z + 346. Suppose f = -p + 19 - 0, 5*f + 3*p - k = 0. What is the tens digit of f?
2
Suppose 182*i - 387017 = 408505. What is the tens digit of i?
7
Suppose 0*a - 5*a + 95 = 0. Let z be a - (-6 + 5 - 0/(-1)). What is the tens digit of (-2 + 32)/(-2)*z/(-6)?
5
Let i = 21 + -13. Suppose 11 = -3*x + i. What is the tens digit of (-54)/(-6*(x/(-3) + 0))?
2
Let x(y) = 8*y**2 + 58*y + 17. Let w(r) = 3*r**2 - 149*r - 66. Let t be w(50). What is the tens digit of x(t)?
3
Suppose 9*v + 450 = -v. Let c = v + 61. Suppose c*t - 84 = 10*t. What is the units digit of t?
4
Let q(p) = -p**2 + 15*p + 11354. What is the thousands digit of q(0)?
1
Suppose -7*b + 5*b = -2*d - 8, 3*b = -3*d + 24. Let g(p) = 167*p - 62. What is the hundreds digit of g(b)?
9
Suppose 4*l - 18 = -v, 4*v + 3 = -4*l + 27. Let t = 85 - -152. Suppose 5*b - l*u = t, -5*b + 2*u = 131 - 372. What is the tens digit of b?
4
Let x = 1227 + -1592. Let c be 4975/(-9) - 12/54. Let h = x - c. What is the hundreds digit of h?
1
Let s(q) = q**2 - 11*q - 98. Let c be s(-6). What is the units digit of (-2)/c - (-8664)/48?
0
Let y(z) = 176*z**2 + 96*z - 168. What is the hundreds digit of y(9)?
9
Let l = 17 - 15. Suppose 0 = -l*g - 5*b + 1 + 11, -6 = -g + 2*b. Let d(z) = 9*z + 12. What is the units digit of d(g)?
6
Suppose -8*x + 3*x = 4*i - 44928, 0 = -i - 3. What is the units digit of x?
8
Let d = 2921 - -2317. What is the tens digit of d?
3
What is the tens digit of (44/154 - 141/(-21)) + 16140?
4
What is the thousands digit of 3 + -10 + 3938 + -3?
3
Suppose -9*w - 523 = 6803. Let h = w + 1406. Suppose -2*b = 3*t + 196 - h, 5*b + 635 = 5*t. What is the units digit of t?
0
Suppose 17*a - 228 = 231. Suppose -a*w + 6501 = 6*w. What is the units digit of w?
7
Suppose 5*c - 3*n - 117991 = 0, -c + 24788 = -3*n + 1173. What is the tens digit of c?
9
Let t = -38 + 40. Suppose -5 = -3*z - t. What is the tens digit of z*9/6*14?
2
Suppose -216*q + 221*q - 277989 = 3*b, -5*b - 277975 = -5*q. What is the hundreds digit of q?
6
Let r(b) = 2*b**2 + 2*b - 5. Suppose 0 = -7*w + 3 - 59. Let f be r(w). Let n = 229 - f. What is the hundreds digit of n?
1
Let m(d) be the second derivative of d**5/20 - d**4/2 - 3*d**3 + 25*d**2/2 + 44*d. What is the tens digit of m(10)?
4
Let k be (-14)/(-224)*-8 + 350/(-4).